{"id":48,"date":"2018-07-23T09:04:26","date_gmt":"2018-07-23T09:04:26","guid":{"rendered":"https:\/\/ujaeconlab.com\/?page_id=48"},"modified":"2023-09-11T16:22:58","modified_gmt":"2023-09-11T16:22:58","slug":"contacto","status":"publish","type":"page","link":"https:\/\/ujaeconlab.com\/index.php\/contacto\/","title":{"rendered":"Contacto"},"content":{"rendered":"<p>Las profesoras pertenecientes al equipo de investigaci\u00f3n EI_SEJ5_2023 de la Universidad de Ja\u00e9n y que desarrollan su investigaci\u00f3n en el Laboratorio de Econom\u00eda Experimental <strong>UJAEEconLab <\/strong>son:<br \/>\nFrancisca Jim\u00e9nez Jim\u00e9nez Dpto. Econom\u00eda Tel\u00e9fono: +34 953 212074 Email: jimenezf@ujaen.es.<\/p>\n<p>M\u00aa Virtudes Alba Fern\u00e1ndez Dpto. Estad\u00edstica e I.O. Tel\u00e9fono: +34 953 212142 Email: mvalba@ujaen.es<\/p>\n<p>Cristina Mart\u00ednez G\u00f3mez Dpto. Econom\u00eda Tel\u00e9fono: +34 953 212481 Email: cmgomez@ujaen.es<\/p>\n","protected":false},"excerpt":{"rendered":"<p>Las profesoras pertenecientes al equipo de investigaci\u00f3n EI_SEJ5_2023 de la Universidad de Ja\u00e9n y que desarrollan su investigaci\u00f3n en el Laboratorio de Econom\u00eda Experimental UJAEEconLab son: Francisca Jim\u00e9nez Jim\u00e9nez Dpto.&nbsp;&hellip;<\/p>\n","protected":false},"author":1,"featured_media":112,"parent":0,"menu_order":0,"comment_status":"closed","ping_status":"closed","template":"","meta":{"footnotes":""},"_links":{"self":[{"href":"https:\/\/ujaeconlab.com\/index.php\/wp-json\/wp\/v2\/pages\/48"}],"collection":[{"href":"https:\/\/ujaeconlab.com\/index.php\/wp-json\/wp\/v2\/pages"}],"about":[{"href":"https:\/\/ujaeconlab.com\/index.php\/wp-json\/wp\/v2\/types\/page"}],"author":[{"embeddable":true,"href":"https:\/\/ujaeconlab.com\/index.php\/wp-json\/wp\/v2\/users\/1"}],"replies":[{"embeddable":true,"href":"https:\/\/ujaeconlab.com\/index.php\/wp-json\/wp\/v2\/comments?post=48"}],"version-history":[{"count":7,"href":"https:\/\/ujaeconlab.com\/index.php\/wp-json\/wp\/v2\/pages\/48\/revisions"}],"predecessor-version":[{"id":292,"href":"https:\/\/ujaeconlab.com\/index.php\/wp-json\/wp\/v2\/pages\/48\/revisions\/292"}],"wp:featuredmedia":[{"embeddable":true,"href":"https:\/\/ujaeconlab.com\/index.php\/wp-json\/wp\/v2\/media\/112"}],"wp:attachment":[{"href":"https:\/\/ujaeconlab.com\/index.php\/wp-json\/wp\/v2\/media?parent=48"}],"curies":[{"name":"wp","href":"https:\/\/api.w.org\/{rel}","templated":true}]}}